{"id":2054,"date":"2024-10-06T12:16:15","date_gmt":"2024-10-06T13:16:15","guid":{"rendered":"https:\/\/www.fagotten.org\/?page_id=2054"},"modified":"2025-12-12T12:56:30","modified_gmt":"2025-12-12T13:56:30","slug":"styrelsemote","status":"publish","type":"page","link":"https:\/\/www.fagotten.org\/?page_id=2054","title":{"rendered":"Styrelsem\u00f6ten"},"content":{"rendered":"\n<p><strong>H\u00e4r \u00e4r en uppdaterad lista p\u00e5 n\u00e4r styrelse har m\u00f6te<\/strong> 2026<\/p>\n\n\n\n<ul>\n<li>14 jan<\/li>\n\n\n\n<li>11 feb<\/li>\n\n\n\n<li>11 mars<\/li>\n\n\n\n<li>8 apr<\/li>\n\n\n\n<li>6 maj<\/li>\n<\/ul>\n","protected":false},"excerpt":{"rendered":"<p>H\u00e4r \u00e4r en uppdaterad lista p\u00e5 n\u00e4r styrelse har m\u00f6te 2026<\/p>\n","protected":false},"author":11,"featured_media":0,"parent":0,"menu_order":0,"comment_status":"closed","ping_status":"closed","template":"","meta":[],"_links":{"self":[{"href":"https:\/\/www.fagotten.org\/index.php?rest_route=\/wp\/v2\/pages\/2054"}],"collection":[{"href":"https:\/\/www.fagotten.org\/index.php?rest_route=\/wp\/v2\/pages"}],"about":[{"href":"https:\/\/www.fagotten.org\/index.php?rest_route=\/wp\/v2\/types\/page"}],"author":[{"embeddable":true,"href":"https:\/\/www.fagotten.org\/index.php?rest_route=\/wp\/v2\/users\/11"}],"replies":[{"embeddable":true,"href":"https:\/\/www.fagotten.org\/index.php?rest_route=%2Fwp%2Fv2%2Fcomments&post=2054"}],"version-history":[{"count":9,"href":"https:\/\/www.fagotten.org\/index.php?rest_route=\/wp\/v2\/pages\/2054\/revisions"}],"predecessor-version":[{"id":2398,"href":"https:\/\/www.fagotten.org\/index.php?rest_route=\/wp\/v2\/pages\/2054\/revisions\/2398"}],"wp:attachment":[{"href":"https:\/\/www.fagotten.org\/index.php?rest_route=%2Fwp%2Fv2%2Fmedia&parent=2054"}],"curies":[{"name":"wp","href":"https:\/\/api.w.org\/{rel}","templated":true}]}}